{"id":2538,"date":"2015-06-25T11:29:15","date_gmt":"2015-04-21T10:14:05","guid":{"rendered":"http:\/\/c-glen.com\/?page_id=2538"},"modified":"2024-03-11T21:50:50","modified_gmt":"2024-03-11T20:50:50","slug":"ou","status":"publish","type":"page","link":"https:\/\/www.christineglen.com\/sitefr\/fr\/ou\/","title":{"rendered":"O\u00d9"},"content":{"rendered":"<div id=\"pl-2538\"  class=\"panel-layout\" ><div id=\"pg-2538-0\"  class=\"panel-grid panel-has-style\" ><div class=\"panel-row-style panel-row-style-for-2538-0\" ><div id=\"pgc-2538-0-0\"  class=\"panel-grid-cell panel-grid-cell-empty\" ><\/div><div id=\"pgc-2538-0-1\"  class=\"panel-grid-cell\" ><div id=\"panel-2538-0-1-0\" class=\"so-panel widget widget_sow-editor panel-first-child panel-last-child\" data-index=\"0\" ><div\n\t\t\t\n\t\t\tclass=\"so-widget-sow-editor so-widget-sow-editor-base\"\n\t\t\t\n\t\t><h3 class=\"widget-title\">Expositions et salons pass\u00e9s :<\/h3>\n<div class=\"siteorigin-widget-tinymce textwidget\">\n\t<h2><img data-attachment-id=\"25973\" data-permalink=\"https:\/\/www.christineglen.com\/sitefr\/lombre-des-geants-3-pour-invitation\/\" data-orig-file=\"https:\/\/i0.wp.com\/www.christineglen.com\/sitefr\/wp-content\/uploads\/2024\/03\/Lombre-des-geants-3-pour-invitation.jpg?fit=1967%2C1565&amp;ssl=1\" data-orig-size=\"1967,1565\" data-comments-opened=\"0\" data-image-meta=\"{&quot;aperture&quot;:&quot;2.8&quot;,&quot;credit&quot;:&quot;&quot;,&quot;camera&quot;:&quot;DSC-RX10M4&quot;,&quot;caption&quot;:&quot;&quot;,&quot;created_timestamp&quot;:&quot;1700998648&quot;,&quot;copyright&quot;:&quot;&quot;,&quot;focal_length&quot;:&quot;12.63&quot;,&quot;iso&quot;:&quot;640&quot;,&quot;shutter_speed&quot;:&quot;0.025&quot;,&quot;title&quot;:&quot;&quot;,&quot;orientation&quot;:&quot;0&quot;}\" data-image-title=\"L&amp;rsquo;ombre des g\u00e9ants 3 pour invitation\" data-image-description=\"\" data-image-caption=\"\" data-medium-file=\"https:\/\/i0.wp.com\/www.christineglen.com\/sitefr\/wp-content\/uploads\/2024\/03\/Lombre-des-geants-3-pour-invitation.jpg?fit=450%2C358&amp;ssl=1\" data-large-file=\"https:\/\/i0.wp.com\/www.christineglen.com\/sitefr\/wp-content\/uploads\/2024\/03\/Lombre-des-geants-3-pour-invitation.jpg?fit=600%2C477&amp;ssl=1\" data-recalc-dims=\"1\" loading=\"lazy\" decoding=\"async\" class=\"alignnone wp-image-25973\" src=\"https:\/\/i0.wp.com\/c-glen.com\/sitefr\/wp-content\/uploads\/2024\/03\/Lombre-des-geants-3-pour-invitation-450x358.jpg?resize=304%2C242\" alt=\"\" width=\"304\" height=\"242\" srcset=\"https:\/\/i0.wp.com\/www.christineglen.com\/sitefr\/wp-content\/uploads\/2024\/03\/Lombre-des-geants-3-pour-invitation.jpg?resize=450%2C358&amp;ssl=1 450w, https:\/\/i0.wp.com\/www.christineglen.com\/sitefr\/wp-content\/uploads\/2024\/03\/Lombre-des-geants-3-pour-invitation.jpg?resize=600%2C477&amp;ssl=1 600w, https:\/\/i0.wp.com\/www.christineglen.com\/sitefr\/wp-content\/uploads\/2024\/03\/Lombre-des-geants-3-pour-invitation.jpg?resize=768%2C611&amp;ssl=1 768w, https:\/\/i0.wp.com\/www.christineglen.com\/sitefr\/wp-content\/uploads\/2024\/03\/Lombre-des-geants-3-pour-invitation.jpg?resize=1536%2C1222&amp;ssl=1 1536w, https:\/\/i0.wp.com\/www.christineglen.com\/sitefr\/wp-content\/uploads\/2024\/03\/Lombre-des-geants-3-pour-invitation.jpg?resize=150%2C119&amp;ssl=1 150w, https:\/\/i0.wp.com\/www.christineglen.com\/sitefr\/wp-content\/uploads\/2024\/03\/Lombre-des-geants-3-pour-invitation.jpg?w=1967&amp;ssl=1 1967w, https:\/\/i0.wp.com\/www.christineglen.com\/sitefr\/wp-content\/uploads\/2024\/03\/Lombre-des-geants-3-pour-invitation.jpg?w=1800&amp;ssl=1 1800w\" sizes=\"auto, (max-width: 304px) 100vw, 304px\" \/><\/h2>\n<h2>2024<\/h2>\n<h3><strong>Etretat, \u00e9tat d'\u00eatre, \u00e0 Paris du 14 mars au 17 mars 2024<\/strong><\/h3>\n<p><strong>Horaire de l'exposition :<br \/>\n<\/strong><br \/>\nJeudi 14 mars - 11h00-21h00<br \/>\nVendredi 15 mars et Samdi 16 mars - 11h00-20h00<br \/>\nDimanche 17 mars - 14h00-18h00<\/p>\n<p><strong>Laboratoire d'exposition:<\/strong><\/p>\n<p>13 rue de l'Echiquier; 75010 Paris<br \/>\nM\u00e9tro Bonne Nouvelle \/ Strasbourg St-Denis<\/p>\n<\/div>\n<\/div><\/div><\/div><div id=\"pgc-2538-0-2\"  class=\"panel-grid-cell panel-grid-cell-empty panel-grid-cell-mobile-last\" ><\/div><div id=\"pgc-2538-0-3\"  class=\"panel-grid-cell panel-grid-cell-empty\" ><\/div><\/div><\/div><div id=\"pg-2538-1\"  class=\"panel-grid panel-has-style\" ><div class=\"panel-row-style panel-row-style-for-2538-1\" ><div id=\"pgc-2538-1-0\"  class=\"panel-grid-cell panel-grid-cell-empty\" ><\/div><div id=\"pgc-2538-1-1\"  class=\"panel-grid-cell panel-grid-cell-mobile-last\" ><div id=\"panel-2538-1-1-0\" class=\"so-panel widget widget_sow-editor panel-first-child panel-last-child\" data-index=\"1\" ><div\n\t\t\t\n\t\t\tclass=\"so-widget-sow-editor so-widget-sow-editor-base\"\n\t\t\t\n\t\t><h3 class=\"widget-title\">Expositions et salons pass\u00e9s :<\/h3>\n<div class=\"siteorigin-widget-tinymce textwidget\">\n\t<h2>2017<\/h2>\n<ul style=\"list-style-type: square;\">\n<li>Dialogues d\u2019Essences, \u00e0 Talence du 7 mars au 29 avril 2017<\/li>\n<li>In the Pocket, Paris janvier 2017<\/li>\n<\/ul>\n<h2>2016<\/h2>\n<ul style=\"list-style-type: square;\">\n<li>Concept Store Gallery, Beaubourg, Paris, D\u00e9cembre 2016<\/li>\n<li>Concept Store Gallery, Paris, juillet 2016<\/li>\n<li>Les Dialogues d\u2019Essences reviennent, Paris juin\/juillet 2016<\/li>\n<li>M\u00e9nopause, bouff\u00e9es de couleurs, Paris avril 2016<\/li>\n<li>Art3F Paris, Porte de Versailles F\u00e9vrier 2016<\/li>\n<li>Groupement Intensit\u00e9, Paris, Janvier 2016<\/li>\n<\/ul>\n<h2>2015<\/h2>\n<ul style=\"list-style-type: square;\">\n<li>Atelier Portes Ouvertes , <em>Novembre 2015<\/em><\/li>\n<li>Carrousel du Louvre, Art Shopping Paris, <em>Octobre 2015<\/em><\/li>\n<li>Art3F Paris, <em>Septembre 2015<\/em><\/li>\n<li>Exposition personnelle \"Regards d'ailleurs, Regarde ailleurs\", Paris, juin 2015<\/li>\n<li>18<sup>\u00e8me<\/sup> Salon de Printemps de Coulommiers Mars 2015<\/li>\n<\/ul>\n<h2>2014<\/h2>\n<ul style=\"list-style-type: square;\">\n<li>Itin\u00e9raire des sens,\u00a0 Str'OFF, Palais Congr\u00e8s de Strasbourg,\u00a0 Novembre 2014<\/li>\n<li>Mille et une oeuvres, j'ach\u00e8te ! Paris, Juin 2014<\/li>\n<li>GMAC Saint Sulpice, Juin 2014<\/li>\n<li>D\u00e9sirs d'Etoiles, avec Anne Bernard et Codronanti, avril- mai 2014<\/li>\n<li>Intensit\u00e9, exposition du collectif d'artistes ESPACE, Paris Mars 2014<\/li>\n<li>Dialogues d'Essences, Paris, Janvier 2014<\/li>\n<\/ul>\n<h2>2013<\/h2>\n<ul style=\"list-style-type: square;\">\n<li>Invit\u00e9e d'honneur du Salon d'automne de Villeneuve le Roi Novembre 2013<\/li>\n<li>Invit\u00e9e par les Acad\u00e9mies des Beaux Arts de Canton et Shantou \u00e0 peindre une semaine dans la campagne chinoise<\/li>\n<li>Atelier Portes Ouvertes, nov 2013<\/li>\n<li>Joint Art Show of French Artists, Galerie 1000, Canton, Chine Mai<\/li>\n<li>Salon d'Automne de Couilly Pont aux Dames, oct 2013<\/li>\n<li>GMAC Bastille Paris, Mai 2013<\/li>\n<li>Salon d'Orbais, Invit\u00e9e d'honneur, avril 2013<\/li>\n<li>Salon de Printemps de Coulommiers, Avril 2013<\/li>\n<li>Exposition Personnelle Cr\u00e9harmonie, Rue Royale, Paris Nov 2012- F\u00e9vrier 2013<\/li>\n<\/ul>\n<h2>2012<\/h2>\n<ul style=\"list-style-type: square;\">\n<li>Avril 2013 Art Canton (Chine) Octobre 2012<\/li>\n<li>Exposition personnelle Salle des Capucins, Coulommiers, Juin 2012<\/li>\n<li>Art Shanghai (Chine) Mai 2012<\/li>\n<li>Exposition personnelle, CAEL Bourg La Reine, Mars 2012<\/li>\n<li>France 2, Th\u00e9 ou Caf\u00e9, Mars 2012<\/li>\n<li>59<sup>\u00e8me<\/sup> Salon de Charenton, Jan-F\u00e9v 2012<\/li>\n<\/ul>\n<h2>2011<\/h2>\n<ul style=\"list-style-type: square;\">\n<li>Invit\u00e9e d'honneur du Salon de Leuville Nov 2011<\/li>\n<li>Salon Arts Passion Ablon sur Seine Oct-Nov 2011<\/li>\n<li>Foire internationale d'Art contemporain de Canton (Chine) Octobre 2011<\/li>\n<li>Ateliers Grande Romaine L\u00e9signy Juin 2011<\/li>\n<li>Grand March\u00e9 d'Art Contemporain (GMAC) Bastille, Paris, juin 2011<\/li>\n<li>Salon de Lagny sur Marne Avril 2011<\/li>\n<li>16<sup>\u00e8me<\/sup> salon de printemps de Coulommiers mars\/avril 2011<\/li>\n<li>Salon d'art contemporain de Couilly Pont aux Dames Mars 2011<\/li>\n<\/ul>\n<h2>2010<\/h2>\n<ul style=\"list-style-type: square;\">\n<li>Atelier Portes ouvertes, nov 2010<\/li>\n<li>19<sup>\u00e8me<\/sup> salon de Leuville, nov 2010 (Prix du jury et prix du public)<\/li>\n<li>18<sup>\u00e8me<\/sup>\u00a0salon Arts Passion, Ablon sur Seine, oct 2010<\/li>\n<li>14<sup>\u00e8me<\/sup>\u00a0salon \"Les artistes de chez nous\"\u00a0Fontenay Tr\u00e9signy, Oct 2010<\/li>\n<li>Salon Face \u00e0 Face, Cr\u00e9cy la Chapelle, Sept-Oct 2010<\/li>\n<li>GMAC Bastille\u00a0 mai 2010<\/li>\n<li>Salon de Printemps de Coulommiers, avril 2010<\/li>\n<li>57<sup>\u00e8me<\/sup> salon de Charenton janvier- f\u00e9vrier 2010<\/li>\n<\/ul>\n<h2>2009<\/h2>\n<ul style=\"list-style-type: square;\">\n<li>Exposition personnelle, chemin des Vignes Issy les Moulineaux, nov 2009<\/li>\n<li>Grand March\u00e9 d'Art contemporain de la Bastille ,Paris, \u00a0avril, mai 2009<\/li>\n<li>17<sup>\u00e8me<\/sup> Salon de Printemps de Courtry mars 2009<\/li>\n<li>Salon d'art contemporain de Couilly Pont aux Dames mars 2009<\/li>\n<li>14<sup>\u00e8me<\/sup> Salon de printemps de Coulommiers mars 2009<\/li>\n<li>Exposition personnelle Restaurant Oparavant , Serris(35 toiles) de nov 08 \u00e0 fin f\u00e9vrier 09<\/li>\n<\/ul>\n<h2>2008<\/h2>\n<ul style=\"list-style-type: square;\">\n<li>111 des\u00a0 Arts, Mairie du 8<sup>\u00e8me<\/sup> arrondissement Paris, d\u00e9c 2008<\/li>\n<li>Grand March\u00e9 d'Art Contemporain (GMAC) Bastille, Paris, avril-mai 2008<\/li>\n<li>13<sup>\u00e8me<\/sup> Salon de Printemps de Coulommiers, avril 2008<\/li>\n<li>Exposition personnelle Si\u00e8ge Social Air France, F\u00e9vrier 2008<\/li>\n<\/ul>\n<h2>2007<\/h2>\n<ul style=\"list-style-type: square;\">\n<li>Salon des Artistes Fran\u00e7ais, Grand Palais, Paris,D\u00e9cembre 2007<\/li>\n<li>Salon d'Automne de Montry, octobre 2007<\/li>\n<li>Exposition personnelle,Parc des Capucins, Coulommiers, Juin 2007<\/li>\n<li>Grand March\u00e9 d'Art Contemporain (GMAC) Bastille, Paris, avril 2007Salon\u00a0 d'Art Contemporain de Dammarie-l\u00e8s-Lys avril 2007<\/li>\n<li>Centre Culturel Christiane Peugeot, avril 2007 (\u00a0Exposition des Laur\u00e9ats du concours)<\/li>\n<li>12<sup>\u00e8me<\/sup> Salon de Printemps de Coulommiers, avril 2007<\/li>\n<li>Centre Culturel Christiane Peugeot. Concours.Mars 2007Exposition de peintures de couilly Pont aux Dames. Th\u00e8me la Femme Mars 2007<\/li>\n<li>54<sup>\u00e8me<\/sup> Salon de Charenton, Janvier F\u00e9vrier 2007<\/li>\n<\/ul>\n<h2>2006<\/h2>\n<ul style=\"list-style-type: square;\">\n<li>Exposition de Peintures de Couilly Pont aux Dames, Nov 2006<\/li>\n<li>Expo Brie'Arts 2006, Chateau de Ferri\u00e8res, Mai 2006<\/li>\n<li>Grand March\u00e9 d'Art Contemporain(GMAC) Bastille -Paris avril\/mai 2006<\/li>\n<li>23<sup>\u00e8me<\/sup> Salon de Printemps d'Ozoir la Ferri\u00e8re avril 2006<\/li>\n<li>Salon d'Art Contemporain de Dammarie-les-Lys avril 2006<\/li>\n<li>Salon de Printemps de Coulommiers mars 2006<\/li>\n<li>Exposition de Peintures de Cr\u00e9cy la Chapelle mars 2006<\/li>\n<\/ul>\n<h2>2005<\/h2>\n<ul style=\"list-style-type: square;\">\n<li>Salon de Printemps de Coulommiers<\/li>\n<li>Salon de Printemps de Bailly Romainvilliers<\/li>\n<li>Exposition de Saint Germain sur Morin<\/li>\n<\/ul>\n<\/div>\n<\/div><\/div><\/div><div id=\"pgc-2538-1-2\"  class=\"panel-grid-cell panel-grid-cell-empty\" ><\/div><\/div><\/div><\/div>","protected":false},"excerpt":{"rendered":"<p>2024 Etretat, \u00e9tat d&rsquo;\u00eatre, \u00e0 Paris du 14 mars au 17 mars 2024 Horaire de l&rsquo;exposition : Jeudi 14 mars &#8211; 11h00-21h00 Vendredi 15 mars et Samdi 16 mars &#8211; 11h00-20h00 Dimanche 17 mars &#8211; 14h00-18h00 Laboratoire d&rsquo;exposition: 13 rue de l&rsquo;Echiquier; 75010 Paris M\u00e9tro Bonne Nouvelle \/ Strasbourg St-Denis 2017 Dialogues d\u2019Essences, \u00e0 Talence [&hellip;]<\/p>\n","protected":false},"author":5,"featured_media":0,"parent":0,"menu_order":0,"comment_status":"closed","ping_status":"closed","template":"","meta":{"_acf_changed":false,"jetpack_post_was_ever_published":false,"footnotes":""},"class_list":["post-2538","page","type-page","status-publish","hentry"],"acf":[],"jetpack_sharing_enabled":true,"jetpack_shortlink":"https:\/\/wp.me\/P8pnLs-EW","jetpack-related-posts":[],"_links":{"self":[{"href":"https:\/\/www.christineglen.com\/sitefr\/wp-json\/wp\/v2\/pages\/2538","targetHints":{"allow":["GET"]}}],"collection":[{"href":"https:\/\/www.christineglen.com\/sitefr\/wp-json\/wp\/v2\/pages"}],"about":[{"href":"https:\/\/www.christineglen.com\/sitefr\/wp-json\/wp\/v2\/types\/page"}],"author":[{"embeddable":true,"href":"https:\/\/www.christineglen.com\/sitefr\/wp-json\/wp\/v2\/users\/5"}],"replies":[{"embeddable":true,"href":"https:\/\/www.christineglen.com\/sitefr\/wp-json\/wp\/v2\/comments?post=2538"}],"version-history":[{"count":42,"href":"https:\/\/www.christineglen.com\/sitefr\/wp-json\/wp\/v2\/pages\/2538\/revisions"}],"predecessor-version":[{"id":26081,"href":"https:\/\/www.christineglen.com\/sitefr\/wp-json\/wp\/v2\/pages\/2538\/revisions\/26081"}],"wp:attachment":[{"href":"https:\/\/www.christineglen.com\/sitefr\/wp-json\/wp\/v2\/media?parent=2538"}],"curies":[{"name":"wp","href":"https:\/\/api.w.org\/{rel}","templated":true}]}}